8) + (-2)/g a prime number?
False
Let u(z) = 78*z**2 + 7*z - 7. Is u(-4) a composite number?
False
Let h(w) = -49*w - 3. Is h(-10) prime?
True
Suppose 1594 = 7*i - 5*i. Is i prime?
True
Let k(u) = -13*u**2 + 4. Let d be k(-3). Let x = d + 195. Is x composite?
True
Suppose -v + 4*v + 2*c + 33 = 0, -3*v = -c + 42. Suppose -5*x = 3*l + 25, x + 0*x - 2*l = 8. Let i = x - v. Is i prime?
True
Let d(m) = 2*m**2 - 3*m + 2. Let a be d(2). Suppose 3*b = a*y + 6*b - 24, 0 = -y - 5*b + 23. Suppose -2*n = 4*s - 138, 2 = -3*s - y*n + 98. Is s prime?
True
Suppose 3*r - 143 = -44. Suppose 0 = -5*u + 22 + r. Suppose -g = -v - u, -2*g + 4*v + 15 = -7. Is g composite?
False
Let g(l) = 29*l**3 - l**2. Let n be g(1). Let h be (-1 - -8)*48/n. Suppose w - 2 = h. Is w a prime number?
False
Suppose 92 = 4*z - 100. Suppose 0 = -5*m - 4*b + z + 30, 5*m + b - 87 = 0. Suppose h + 3*r = -2, m + 7 = 4*h + r. Is h prime?
True
Let b(j) = 33*j - 26. Is b(7) prime?
False
Let g(k) = -26*k - 1. Let a(u) = -3*u + u - 11*u. Let v(f) = -5*a(f) + 2*g(f). Is v(3) a prime number?
True
Let u(c) = 53*c**3 - 2*c - 1. Is u(2) prime?
True
Let c = 6 - 2. Suppose 0 = z + 4*j + 1 - 4, -33 = -c*z + 5*j. Is z a composite number?
False
Let n be (-352)/6*30/(-8). Let o = -93 + n. Is o composite?
False
Let l(o) be the third derivative of 1/30*o**6 - 1/6*o**3 - 1/60*o**5 + 0 + 1/8*o**4 + 2*o**2 + 0*o. Is l(2) a composite number?
True
Let h(u) = -u**3 + 20*u**2 - 18*u - 17. Is h(18) a composite number?
False
Is (-1212 + 20/(-4))/(-2 + 1) composite?
False
Suppose -4*i = 3*a + 40, 2*i + 14 = 4*a + 82. Let d be a/(-20)*(1 - 6). Is (-2)/(d*(-1)/(-110)) composite?
True
Suppose -f + 53 = -3*r + f, -5*f - 25 = 0. Let y = -12 - r. Suppose 0*v - 3*v + y = 0. Is v a prime number?
True
Is (-28)/(-182) - (-35345)/13 prime?
True
Suppose 5*h - 790 = -5*m + 60, -4*m = 16. Suppose 0 = g + g - 4. Suppose g*z = -z + h. Is z composite?
True
Suppose 2*s - 7758 = -4*j, j - s - 7755 = -3*j. Is j composite?
True
Let q be -41 - 1/(1/(-1)). Suppose 0*s + 18 = 2*s. Let o = s - q. Is o prime?
False
Suppose -20 = -5*m - 5. Suppose -m*u - 5*a + 10*a = -452, u - 5*a - 154 = 0. Is u a composite number?
False
Let k(u) = 90*u - 11. Is k(14) a composite number?
False
Let o(p) = -p**3 + 4*p**2 + 8*p - 9. Let h be o(4). Is h/3 - (-8)/(-12) a prime number?
True
Suppose 2*w = -4*l + 5*w + 3, 0 = -l + 2*w + 7. Is 87 + -1 + l + 6 a composite number?
False
Let h(v) = 35*v**2 - v + 9. Let x be h(-4). Suppose -5*d = -482 - x. Is d a composite number?
False
Is (4*302 - 0) + -1 composite?
True
Let a(f) = 7 - 3*f**3 - 7*f**2 + 9*f + 3 + 2*f**3. Let h be a(-8). Let r = 40 - h. Is r a composite number?
True
Let b be (-1 + 2)/2*2. Let q(n) = -7*n**2 + n - 1. Let h be q(b). Let j(d) = d**3 + 7*d**2 - 10*d + 1. Is j(h) composite?
False
Suppose 0 = -5*x + 4*x + 391. Is x a prime number?
False
Let f(u) = -u**2 + 3*u + 1. Let g be f(3). Suppose -3*c + g = -317. Suppose s + s - c = 0. Is s prime?
True
Let p(s) = s**2 + 8*s - 3. Let a be p(-7). Is (-766)/(-10) - a/25 prime?
False
Let c = -8 + 8. Suppose c = -k + 99 + 28. Is k composite?
False
Let u = 993 + -321. Let m = u - 439. Is m composite?
False
Is (-8)/(-24) - 7232/(-3) a prime number?
True
Let n(y) = y**2 - y + 13. Let t(z) = z + 8. Let h be t(-6). Let d = -2 + h. Is n(d) composite?
False
Let k = 79 + -111. Let b = 129 + k. Is b prime?
True
Suppose 5*t - 1 - 19 = 0. Suppose -526 = -t*n - 2*x, 266 = 2*n + x + 3*x. Is n composite?
False
Let k(d) = -d**3 - 16*d**2 - 17*d - 8. Is k(-15) a prime number?
False
Suppose -w - 5*m + 3*m + 3807 = 0, -4*w + 4*m = -15204. Is w a composite number?
False
Let g(z) = 4*z**2 - 11*z + 8. Is g(17) prime?
True
Let l = -1 - -4. Is (471/3)/(4 - l) composite?
False
Let g(d) = 482*d - 1. Let k be g(2). Let f(t) = t + 6. Let z be f(-3). Suppose -m = 4*m - 4*u - k, -z*m + u + 575 = 0. Is m a composite number?
False
Let n = 947 - 586. Suppose n = 2*x + 3. Is x a composite number?
False
Let l be -1 + 1 - 27/3. Let q = 14 + l. Is 3/(-5) - (-168)/q a composite number?
True
Let c = -1677 - -2554. Is c composite?
False
Let l(w) = 125*w**2 - w - 5. Is l(-2) a prime number?
False
Let q = -24 + 3. Is (247 - -1) + q/(-7) a composite number?
False
Suppose 0*i - 2*u = 3*i - 2, 5*i - 4*u = 18. Suppose 0 = -0*l + i*l. Suppose k + 21 = 2*g, -7 + l = g - 4*k. Is g prime?
True
Let x(y) = y + 11. Let h be x(-8). Suppose -p - h = -0*p. Is (1 - (-22 - 3)) + p a composite number?
False
Suppose a = -4*g + 2070, 3*a - 2060 = -4*g + 7*a. Is g prime?
False
Let n = 33 + 80. Is n/6 + 4/24 prime?
True
Let q(s) = s**3 - 2 - 2*s**2 + 4*s + 2*s**2. Let z = 5 + -2. Is q(z) a composite number?
False
Let r be (36/(-4))/((-1)/(-13)). Let t = -68 - r. Is t a prime number?
False
Suppose 5*f + 0 = -10. Is 4/(-2) + 685 - f a composite number?
True
Suppose 209 = p - 668. Is p composite?
False
Suppose 0 = -2*n + 7*n - 15. Is -3 + n - (-3 + -124) a composite number?
False
Let t = 4 - 2. Let g(b) = -b**2 + 4*b - 3. Let q be g(t). Is q/(-4) - (-500)/16 prime?
True
Let t(z) = -5*z - 5. Let i(v) = 25*v + 24. Let l(j) = 2*i(j) + 11*t(j). Is l(-6) a composite number?
False
Let h(m) = 7*m + 4. Let j(b) = -10*b**3 - 4*b**2 - 7*b - 28. Let d(f) = 3*f**3 + f**2 + 2*f + 9. Let t(r) = 7*d(r) + 2*j(r). Let a be t(0). Is h(a) prime?
True
Suppose 4376 = -0*o + 4*o - s, 0 = -o - 4*s + 1111. Suppose 0*b = b - o. Is b/20 + 1/4 a prime number?
False
Suppose 0 = t + 2*i - 13, -3*t - 2*i + 7*i = 5. Suppose 0*x + 4 = -2*x, t*x - 12 = 2*c. Is (-6)/33 + (-145)/c a prime number?
True
Suppose 0*l = -3*l - 4*m - 30, m = -4*l - 40. Let n = l + 72. Is n a composite number?
True
Suppose -20 = 4*f + l + 3*l, -10 = 4*f - l. Is (-1)/(f + (-123)/(-42)) a composite number?
True
Let p be 2 + (1 - (-2 - -2)). Suppose 342 = p*i + 105. Is i a composite number?
False
Is 1594*((-7)/(-2) - 3) a composite number?
False
Let u(c) be the first derivative of c**3/3 - 4*c**2 - 6*c - 3. Let k be u(-6). Suppose -k - 21 = -3*z. Is z a composite number?
True
Let u = -2 + 0. Let g be (-5 - -7)*(-1 + 2/(-2)). Is -2 + u*18/g composite?
False
Suppose s - 27 = -2*s. Let v(w) = 7*w**2 - 27*w + 23. Let h(l) = 3*l**2 - 13*l + 11. Let y(p) = -5*h(p) + 2*v(p). Is y(s) a prime number?
False
Suppose 14*a - 4 = 12*a. Suppose 0*x + 4*x = -2*j + 322, -x = -a*j - 88. Is x prime?
False
Suppose 0 = 4*c - 10 + 2. Let k(d) = -c*d + d + 7 + 0*d. Is k(-8) a prime number?
False
Suppose -20 = -6*a + a. Suppose a*u = -5*m + 589, 145 = 2*u - 4*m - 117. Is u a composite number?
True
Suppose -4*y = 5*c + 5, -18 + 3 = 3*c. Suppose g + 86 = 3*g - 2*d, -180 = -y*g - 2*d. Is g a composite number?
True
Let x(s) = -44*s**3 + 2*s**2 - 2*s - 1. Is x(-3) a prime number?
False
Suppose -c + 119 = -59. Is c a composite number?
True
Let r = 3 - -3. Suppose t + d - r = -4*t, 4*t + 2*d = 0. Is ((-255)/25)/(t/(-10)) a composite number?
True
Let x(o) = 2*o**2 - 6*o + 10. Let l be -2 - (0 + 10) - -3. Let q be x(l). Suppose -3*j - 4*c + q = c, -4*c = -20. Is j composite?
False
Suppose -3*h - 264 = -4*o, 2*o - 91 - 41 = 5*h. Let a = -43 + o. Is a composite?
False
Let p = 524 + 539. Suppose 0 = -5*u - 2*s + p, -3*u + 641 = 2*s - 0*s. Is u a prime number?
True
Suppose -16*v = -11*v + 15. Is 9/v*97/(-3) a prime number?
True
Let u(a) be the second derivative of a**4/4 - 2*a**3/3 + 5*a**2/2 + 4*a. Is u(4) a composite number?
False
Suppose -4*j + 62 = 3*b - 26, -100 = -3*b + 2*j. Suppose -b = -o - h, 0 = 6*o - o - 3*h - 152. Is o a composite number?
False
Is 2/4*(13 + 681) prime?
True
Let n = 2988 + -1627. Is n a prime number?
True
Let y = -733 - -1562. Is y prime?
True
Suppose 0 = -10*t + 5*t + 3715. Is t composite?
False
Let t(p) = -5*p**2 + p**3 - 2 - 2 + 3 + 2. Is t(6) composite?
False
Suppose 2*b - 67 = 71. Is b composite?
True
Suppose -27*m + 1996 = -23*m. Is m a composite number?
False
Suppose -717 - 27 = 2*o. Let l = 218 + o. Let g = l + 233. Is g a prime number?
True
Let q be 2/(-7) - 60/(-14). Let f(g) = 2*g**3 - 2*g**2 - 3*g + 1. Is f(q) composite?
True
Suppose 0 + 12 = 3*s. Let d(u) = -7 - 10*u + 0 + s*u. Is d(-5) a composite number?
False
Let t = -5 - -7. Suppose -3*s + t*c = -52, -s + 2*c + 24 = -0*s. Is s a prime number?
False
Let k = -1574 - -2452. Suppose k = 4*j - 3*p, -4*j = -2*j + 2*p - 446. Is 